t are the prime factors of q(k)?
2, 3
Let g(n) = -n**3 - n**2 + 3*n + 1035. What are the prime factors of g(0)?
3, 5, 23
Let t = -61 - -85. Let q = t - 9. List the prime factors of q.
3, 5
Suppose 2*c - 695 + 269 = -2*y, -2*c - 3*y + 430 = 0. Let f = 299 - c. Suppose 0 = 4*j - 74 - f. What are the prime factors of j?
41
Let i = -904 - -2454. List the prime factors of i.
2, 5, 31
Let n be 3 + -3 + 5 + 2. Suppose 500 = n*l + 101. What are the prime factors of l?
3, 19
Let l(v) = -v + 18. Let m be l(0). Let h = 56 - m. List the prime factors of h.
2, 19
Suppose -16*m + 17*m = 14. Suppose m = 2*s - 150. What are the prime factors of s?
2, 41
Let j(y) = y**3 + 3*y**2 - 6*y - 3. Let q be j(-4). Let d be (7 + -4)*5/q. Suppose -h + 3*w = d*h - 39, -h + 10 = -w. What are the prime factors of h?
3
Let k = 9 - 9. Suppose k*h = -2*h - 4*v + 62, -4*h - 5*v = -136. What are the prime factors of h?
3, 13
Suppose -4*d + 3*q + 9 = 0, -5*d - 3 = 4*q + 9. Suppose 81 = -d*a + 9*a. List the prime factors of a.
3
Let z(d) = 75*d + 5. Let l be z(5). Let n = -226 + l. List the prime factors of n.
2, 7, 11
Let p(x) = 27*x - 101. What are the prime factors of p(17)?
2, 179
What are the prime factors of (62 + -42)*2084/20?
2, 521
Suppose -4*u = -4*f - 1312, 3*f = 5*u + 313 - 1943. List the prime factors of u.
17, 19
Let z be ((-1)/2)/((-1)/10). Suppose -19*o = -4*o - 225. Suppose s = c + 3, z*s + 4*c = c + o. List the prime factors of s.
3
Suppose 2*t - 129 = -5*n - 2*t, 0 = n - 4*t - 21. Suppose 4*k - 101 + n = 0. Suppose -k = -3*h + 32. List the prime factors of h.
17
Suppose 0 = -f - f + 14. Let d(j) = -j**2 + 6*j + 11. Let i be d(f). Suppose -3*x = 2*h - 45, 3*h - i*x + 66 = 6*h. List the prime factors of h.
2, 3
Let x = 2748 + -1866. What are the prime factors of x?
2, 3, 7
Let w be 6/(-8) + (-19)/(-4). Suppose 5*l - w = -14. What are the prime factors of l + 34 + (-6 - -3)?
29
Suppose 5*v + 4 = 2*b, -4*b + 0*v - 2*v = -8. Suppose -5*x = 2*m + b, m + 2*x = -2*m + 19. List the prime factors of m.
3
Let t(w) = 373*w + 175. What are the prime factors of t(9)?
2, 883
What are the prime factors of 3204/10 + 75/125?
3, 107
Let i(d) = d**3 - 7*d**2 - 25*d + 18. Let z be i(9). Let t = z - -215. What are the prime factors of t?
2, 5, 17
Let s be (-4)/32*-4*-104. Let h be (-8)/s + 100/26. What are the prime factors of (4 - h - -4)*10?
2, 5
Let m = -1016 + 2310. List the prime factors of m.
2, 647
Let v be 4/2*6/4. Suppose p + 192 = v*p. Let n = -68 + p. What are the prime factors of n?
2, 7
Let g(n) = -n - 1. Let m be g(10). Let u = m + 15. Let p(y) = 6*y + 7. List the prime factors of p(u).
31
List the prime factors of (-39128)/(-219)*6/4.
2, 67
What are the prime factors of 14/35 + (13440/25 - 3)?
5, 107
Let y(o) = 3*o**2 + 10*o - 32. What are the prime factors of y(12)?
2, 5, 13
Suppose b + 6 = 2*a, 2*b + 5 = -a - 2*a. Let q(d) = d + 5. Let p be q(b). List the prime factors of (5 - 4)/(p/11).
11
Suppose -4*o - 17 = -5. Let p = 16 + o. Let w = p + -11. What are the prime factors of w?
2
Suppose -12*n + 5*n = -2037. What are the prime factors of n?
3, 97
Let g = 0 + 5. Suppose 0 = 5*f - g*t, -2*t = 3*f - 6*t + 3. Suppose -f*b + 36 = -0*b. What are the prime factors of b?
2, 3
Suppose -3*c - 27 = -3*d, 10*c - 2*d = 5*c - 42. What are the prime factors of (-1 - 13/(-4)) + 2/c?
2
Let v(x) = 9*x**2 - x + 3. Let h be v(2). Suppose -5*c = -183 - h. What are the prime factors of c?
2, 11
Suppose 5*q = -9 + 29, 4*q - 346 = -5*t. List the prime factors of t.
2, 3, 11
Suppose -4*y - 20 = 20. Let s = y + 14. Suppose s = z - 0. What are the prime factors of z?
2
Let b be ((-4)/6 - (-176)/(-24))/(-2). Suppose 99 + 473 = b*n. List the prime factors of n.
11, 13
Let r(d) = 2*d**2 - 5*d + 4. Let m be r(2). Suppose -m*s - 4*a + 86 = 0, s - 4*s + 157 = -a. What are the prime factors of s?
3, 17
Suppose 5 - 7 = -y. Suppose -4*f + 128 = y*g, -4*g = -5*f + 3*f - 286. What are the prime factors of g?
2, 5, 7
Let b = -7 - -14. Suppose b*i + 10 = 9*i. Suppose l + 3*r - 49 = 4*r, -i*l - r = -251. What are the prime factors of l?
2, 5
List the prime factors of ((-2)/(-20)*3254)/(2/10).
1627
Let s(n) = 3*n + 13. Let i be s(-7). Let x(b) = -b**3 - 7*b**2 + 6*b + 8. What are the prime factors of x(i)?
2, 3
Let x(h) = -h**2 - 6*h - 1. Let z be x(-4). Suppose -p - 4*m = -2*m + 2, -4*p + z = 3*m. What are the prime factors of p?
2
Suppose -26*s + 3*b = -24*s - 4292, 4292 = 2*s + 4*b. List the prime factors of s.
2, 29, 37
Let q(z) = -z**3 - 3*z**2 + 5*z + 4. Let d be q(-4). Let c(x) = x**3 - 2*x**2 - x + 170. What are the prime factors of c(d)?
2, 5, 17
Suppose -4*t = -5*g + 2531, -43 = 5*t - 23. What are the prime factors of g?
503
Suppose -2*k - 29 = -5. Let r(u) be the third derivative of -u**5/60 - 2*u**4/3 - 17*u**3/6 + u**2. List the prime factors of r(k).
31
What are the prime factors of ((-391)/(-1))/(9 - (8 - 0))?
17, 23
Let y = -13 - -22. Let f = -6 + y. Suppose 120 = 7*s - f*s. What are the prime factors of s?
2, 3, 5
Suppose 2202 + 6128 = 10*g. List the prime factors of g.
7, 17
Suppose -5*h = -l - 7 - 15, -5*l - 2*h = -25. Suppose 4*r = -5*z - 136 + 56, l*z - 60 = 3*r. What are the prime factors of (24/(-30))/(2/r)?
2
Let v(x) = 6*x**2 + 3*x + 2. Let w be v(-1). Suppose 3*c - 240 = -w*c. What are the prime factors of c?
2, 3, 5
Suppose b = 3 - 0. Let p(c) be the third derivative of c**5/15 - c**4/24 - c**3/3 - 6*c**2. List the prime factors of p(b).
31
Let z(o) = -3 - 3 + 2 + 0 + 14*o. Let v be z(-5). Let x = 127 + v. What are the prime factors of x?
53
Suppose -4*y - 5*c = -3235, 4*y - c - 3240 = -5*c. What are the prime factors of y?
5, 163
Let a(c) = 11*c**2 - 26*c - 6. Let q(p) = 5*p**2 - 13*p - 3. Let u(b) = 4*a(b) - 9*q(b). Let n be u(13). What are the prime factors of (-6)/n - (0 + -23)?
3, 7
Suppose -2*p = 8, -2*r + 3*p - 102 + 28 = 0. Let j = -7 - r. What are the prime factors of j?
2, 3
Let w be (-1 - -2)/((-11)/(-44)). Suppose w*m - 2*y + y - 253 = 0, -3*m + 180 = -4*y. What are the prime factors of m?
2
Let s(f) = -58*f**2 + 5*f - 2. Let l(y) = -58*y**2 + 6*y - 3. Let d(g) = 3*l(g) - 4*s(g). List the prime factors of d(-1).
59
Let f be 175 + 1 + (1 - (-15)/(-5)). Let u = -53 + f. What are the prime factors of u?
11
Let m = -845 + 5475. List the prime factors of m.
2, 5, 463
Let r(w) = w**3 + 9*w**2 - 264*w - 1. What are the prime factors of r(13)?
3, 5, 19
Let g(f) = 37*f - 1. Let j be (3 - 7) + -1 + 4. Let d be (j + -1)/(7 + -9). List the prime factors of g(d).
2, 3
Let j(p) = 2699*p**2 - 44*p + 45. What are the prime factors of j(1)?
2, 3, 5
Suppose 0 = 3*l - 181 - 431. Suppose -4*m + l = -144. What are the prime factors of m?
3, 29
Let h be 1748/(-12) + (-2)/6. Let s = h + 256. List the prime factors of s.
2, 5, 11
Let j(g) = 5*g - 4. Let m be j(-11). Let s = -21 - m. What are the prime factors of s?
2, 19
What are the prime factors of -7 - -6 - -6 - -1809?
2, 907
Let d(s) = 3*s**2 - 39*s + 56. List the prime factors of d(26).
2, 5, 107
List the prime factors of (9 + -8121)/(-8) - -10.
2
Let g be -4*((-6)/8 - 0). Suppose b = -g*b + 284. List the prime factors of b.
71
Let b be -48*-2*4/24. Suppose b = 6*d - 32. What are the prime factors of d?
2
Let j(y) = 4*y**3 - 7*y + 16. List the prime factors of j(5).
13, 37
Let c(i) = -i**2 - 7*i - 5. Let b be c(-6). List the prime factors of (38 + b)*(-2)/(-6).
13
What are the prime factors of (-21)/7 - 0 - -342?
3, 113
Let z = 387 + -249. List the prime factors of z.
2, 3, 23
Let f(d) = -4*d**3 + 3*d**2 + d + 1. List the prime factors of f(-3).
7, 19
Let u = -39 - -41. What are the prime factors of 2331/18 - (-1)/u?
2, 5, 13
Let i(c) = -81*c - 152. What are the prime factors of i(-15)?
1063
Let z = 346 + -88. Let y = z + -126. Suppose -y = -p - 2*p. What are the prime factors of p?
2, 11
Let g(j) = -602*j + 34. What are the prime factors of g(-2)?
2, 619
Suppose -3*q + 8202 = 4*w, 2*q - 4870 = -2*w - 770. List the prime factors of w.
2, 3, 19
Suppose -5*g + 49 = s, s - 4*g - 84 = -s. Let y = s + 16. List the prime factors of y.
2, 3, 5
Suppose 26 + 62 = -2*i. Let c = i - -94. What are the prime factors of c?
2, 5
Suppose -4*u = -2*h + 92, -8*u + 3*u = -5*h + 235. What are the prime factors of h?
2, 3
Suppose -4*h - 12 = 0, 4*v + 0*